(l) = -l**2 + 12*l - 11. What is the remainder when 83 is divided by i(u)?
20
Let c = 10 + -3. Suppose c*s = 2*s + 145. What is the remainder when s is divided by (-8)/(-6) - (-369)/27?
14
Let c(p) = -p**3 + 2*p**2 + 2*p + 4. What is the remainder when 17 is divided by c(0)?
1
Suppose 0 = -5*v - 10, 2*v = -2*g - 6 + 2. Let u(p) = 3*p + 13. What is the remainder when 64 is divided by u(g)?
12
Suppose -2*h - 3*h + j = -70, -4*h - 4*j = -80. What is the remainder when h is divided by (16 - 0)/(-2 - 28/(-7))?
7
Let b(o) = 3*o**2 + 5*o + 4. Let w be 57/(-21) - (-2)/(-7). What is the remainder when b(w) is divided by ((-18)/15)/(2/(-10))?
4
What is the remainder when 36 is divided by (1/(-4))/((-1)/52)?
10
Calculate the remainder when (1 - -2)/(18/180) is divided by 19.
11
Let g = -1 - -6. Let n be (-2)/(-4) - g/10. Suppose n = -5*z + 3*f + 40, 4*z + 2*f + f = 5. What is the remainder when 8 is divided by z?
3
Let x(i) = i**3 + 3*i**2 - 2*i. Suppose 5*r - 5*u + 665 = 0, 4*u + 0*u = -4*r - 524. Calculate the remainder when r/(-8) - (-3)/(-6) is divided by x(-3).
4
Let c(v) = 2*v**2 + 4*v - 3*v**2 + 2*v**2 - 2*v. Let x be c(-2). Suppose x = -2*h + 6 + 106. Calculate the remainder when h is divided by 19.
18
Calculate the remainder when 47 is divided by (3/2)/((-15)/(-160)).
15
Suppose 27 + 23 = 5*k. Calculate the remainder when 28 is divided by k.
8
Suppose 0 = j - 5*j. Suppose j = u - 12 + 3. Suppose 2*o + 0*o - 6 = 0. Calculate the remainder when u is divided by o.
0
Suppose 0 = -2*x + 3*x + 2. Let r(g) = g**2 - 2*g - 1. Let w be r(x). Let n(v) = v**2 - 5*v - 8. What is the remainder when 11 is divided by n(w)?
5
Let v = -26 - -34. What is the remainder when 31 is divided by v?
7
Calculate the remainder when ((-19)/(-2))/(1/30) is divided by 41.
39
Let b = 12 + -7. Suppose -2*s + 15 = s, -b*c - 5*s + 20 = 0. What is the remainder when 52 is divided by c/(-3) - 106/(-6)?
16
Suppose -2*b + 21 = -87. Calculate the remainder when 27 is divided by 4/8 - b/(-4).
13
Let m = -1 - -8. What is the remainder when m is divided by 4?
3
Suppose 5*z = -3*v + 18, 5*z = -0*z. Suppose v*i = i - 5. What is the remainder when 5 is divided by (-1 + i)/4*-6?
2
What is the remainder when ((-19)/(-2))/((-3)/(12*-1)) is divided by 13?
12
What is the remainder when (-5 - -2)/((-6)/164) is divided by 14?
12
Let i(s) = s + 6. Let a be i(0). Calculate the remainder when 31 is divided by (-11*1)/(a/(-6)).
9
Let l(m) = m**2 + m + 4. Calculate the remainder when 25 is divided by l(-3).
5
Suppose -v - 3*v = -28. Suppose 100 = 3*c + v. Calculate the remainder when c is divided by (-2)/(6/(-33)*1).
9
Let g = 12 + -7. Let u be (-2 - (0 - 2))/2. Let l(j) = j + 8. Calculate the remainder when l(u) is divided by g.
3
Let p = -3 + 17. Calculate the remainder when -2 + 30 + 3/(-1) is divided by p.
11
Let z(g) = -6*g - 1. Let f(b) = -29*b - 6. Let w(t) = 2*f(t) - 11*z(t). Calculate the remainder when w(4) is divided by 11.
9
Suppose 2*k - 9 = -4*i + 15, 4*i = -16. What is the remainder when 55 is divided by k?
15
Let s(g) = 19*g**3 + g**2 + g - 1. Let p(w) = 5*w - 6. Let h(t) = 14*t - 19. Let a(d) = 3*h(d) - 8*p(d). Calculate the remainder when s(1) is divided by a(8).
6
Suppose a - 4 = -3*a. Suppose -5*u = -f - 15, 3*f + 0*u + 4*u + 7 = 0. Let c(t) = t + 8. Calculate the remainder when c(f) is divided by a.
0
Let i be 58/3 - (-4)/6. Suppose 4*y - i = 64. Calculate the remainder when 81 is divided by y.
18
Let s(u) = -3 + 3*u + 0 + 0. What is the remainder when 28 is divided by s(6)?
13
Let b(x) = x**3 - 8*x**2 + 2. Let k be b(8). Let g(p) = 4*p**2 - p - 2. What is the remainder when 46 is divided by g(k)?
10
Let m = -5 + -3. What is the remainder when (-84)/m*(-2)/(-3) is divided by 2?
1
Suppose 0 = 2*u - 70 - 22. Calculate the remainder when u is divided by 8.
6
Suppose 5*k - 31 = 69. Suppose 44*q + 22 - 330 = 0. Calculate the remainder when k is divided by q.
6
Let x = 89 - 14. Suppose -75 - x = -3*t. Suppose 0 = i - 3*i + 34. Calculate the remainder when t is divided by i.
16
Let a = -8 + 13. Suppose 14 = 4*j - o, -6 + 16 = a*j - 5*o. Let x = -8 + 11. What is the remainder when j is divided by x?
1
Suppose 2*n = -20 + 8. Let y(u) = u**2 + 3*u + 7. Calculate the remainder when y(n) is divided by 13.
12
Let d(j) = -j**3 + 11*j**2 + 2*j + 1. Calculate the remainder when d(11) is divided by 9.
5
Let z = -15 + 21. Let d = z + 1. Let l(v) = 3*v**3 - 2*v**2 - 3*v + 2. Calculate the remainder when l(2) is divided by d.
5
Suppose 5*h - 2*o - 136 = 0, -3*h + 63 = -0*o + 5*o. Calculate the remainder when 75 is divided by h.
23
Suppose 0*u = u - 4. Calculate the remainder when 46/u + 7/(-14) is divided by 4.
3
Let d = -31 + 43. Suppose 0 = -4*k + 3*w + 143, -5*k - 2*w = 81 - 254. What is the remainder when k is divided by d?
11
Let z(t) = t**2 - 3*t - 5. Calculate the remainder when z(-7) is divided by 174/10 - (-6)/(-15).
14
Suppose k - 11 = 10. What is the remainder when 103 is divided by k?
19
Let n(s) = s**3 + 6*s**2 + 4*s + 3. What is the remainder when 15 is divided by n(-5)?
7
Suppose 2*u - 20 = 4*k, u + k + 5 = -0*u. Suppose u*p - 30 = -2*p. Calculate the remainder when 27 is divided by p.
12
Let i = -274 + 68. Let b = -138 - i. What is the remainder when b is divided by 3*(4 + 22/6)?
22
Let o(c) = -7*c - 28. What is the remainder when o(-8) is divided by 12?
4
Let z = -40 - -174. Calculate the remainder when z is divided by 34.
32
Let i = 3 - 2. Calculate the remainder when 1/2 + (-147)/(-6) is divided by -1 + 12 + 2/i.
12
Let c = -4 + 5. Let w = 9 - c. Suppose -3*d + 3 + 6 = 0. Calculate the remainder when w is divided by d.
2
Suppose -4*i + 28 = -8. What is the remainder when 16 is divided by i?
7
Suppose 2*m - 9*m = -42. Calculate the remainder when 11 is divided by m.
5
Suppose 2*m = 22 + 16. Suppose 0 = -p + 5*q + 30, -2*p - 5*q = 2*p + 5. Calculate the remainder when m is divided by p.
4
Suppose 36 = -4*u + 8*u. Calculate the remainder when 79 is divided by u.
7
Let p = -10 + 38. Let n = 46 - p. Calculate the remainder when 34 is divided by n.
16
Suppose -5*u - 2*o + 52 = -3*u, -3*u + 3*o = -54. What is the remainder when u is divided by 8?
6
Let r = 42 - 7. What is the remainder when 65 is divided by r?
30
Suppose 5*g = 15, 0 = 4*d + 2*g + 3*g + 13. Let m = 155 + d. Suppose v + 3*v - m = 0. Calculate the remainder when v is divided by 13.
11
Suppose 3*g - 55 = -2*g. Suppose -t = y + 2*t + 21, -5*t = 15. Let d = -8 - y. Calculate the remainder when g is divided by d.
3
Let c(l) = -l + 15. Let p(y) = -1. Let g(k) = c(k) - 2*p(k). Calculate the remainder when 30 is divided by g(6).
8
Suppose 0 = -0*b - 3*b + 162. Calculate the remainder when b is divided by 11.
10
Let h be 0 + (-4 + 2 - -5). Let n = -6 + 8. Suppose -8 = -h*x - n. Calculate the remainder when 4 is divided by x.
0
Suppose 0 = -2*q - 6, -16 = -2*d - 3*q + 7*q. Suppose 0 = -5*c - 3*v + 34, c + d*v = -3*v + 20. What is the remainder when 16 is divided by c?
1
Suppose -5*h + 5*z = 39 + 16, 3*h - z = -31. Let f = h - -14. Suppose 0 = 3*j - 29 - f. Calculate the remainder when j is divided by 6.
5
Let l(i) = i**2 - 2*i + 2. Let o(f) = -f - 4. Let x be o(-7). Let m = 2 - -6. What is the remainder when m is divided by l(x)?
3
Let h(j) = -2*j - 6. Let d(p) = -7*p + 1. Calculate the remainder when d(-4) is divided by h(-8).
9
Suppose -4*t - 4*m - 83 = -983, 5*m = 0. Suppose -5*d = -0*d - 15, -t = -3*v + 4*d. What is the remainder when v is divided by 27?
25
Suppose -2*w - 5*f + 33 = -0*w, -3*f + 14 = w. Calculate the remainder when w is divided by 10.
9
Let v(i) = i**2 - 2*i - 12. What is the remainder when v(-4) is divided by 7?
5
What is the remainder when 17 is divided by (-8)/(-6)*36/8?
5
Let t = -8 - -9. Suppose 0 = 5*j - t - 4. Calculate the remainder when 3 is divided by j.
0
Let i = -85 + 128. Let h = 64 + -41. What is the remainder when i is divided by h?
20
Suppose 5*b + l = 37, b - 3*l + 1 = 2. Let d(m) = 21*m**2 - 3*m + 2. Calculate the remainder when d(1) is divided by b.
6
Let i(o) = 6*o**2 - 2*o - 1. Calculate the remainder when i(-1) is divided by 2/(-10) - 44/(-20).
1
Suppose -5*w = -18 - 147. Calculate the remainder when w is divided by 18.
15
Suppose 0*c + 2*c - 18 = 0. Suppose i + 2*u = 3*u + c, 7 = i - 2*